{"id":41,"date":"2026-02-28T20:43:08","date_gmt":"2026-02-28T20:43:08","guid":{"rendered":"https:\/\/gratified.dk\/index.php\/home\/"},"modified":"2026-02-28T23:21:45","modified_gmt":"2026-02-28T23:21:45","slug":"home","status":"publish","type":"page","link":"https:\/\/gratified.dk\/","title":{"rendered":"Coming soon"},"content":{"rendered":"\t\t<div data-elementor-type=\"wp-page\" data-elementor-id=\"41\" class=\"elementor elementor-41\">\n\t\t\t\t<div class=\"elementor-element elementor-element-87c04d7 e-flex e-con-boxed e-con e-parent\" data-id=\"87c04d7\" data-element_type=\"container\" data-e-type=\"container\">\n\t\t\t\t\t<div class=\"e-con-inner\">\n\t\t\t\t<div class=\"elementor-element elementor-element-8a13b83 elementor-widget elementor-widget-link-in-bio\" data-id=\"8a13b83\" data-element_type=\"widget\" data-e-type=\"widget\" data-widget_type=\"link-in-bio.default\">\n\t\t\t\t<div class=\"elementor-widget-container\">\n\t\t\t\t\t\t\t<div class=\"e-link-in-bio e-link-in-bio\">\n\t\t\t<div class=\"e-link-in-bio__content\">\n\n\t\t\t\t\t\t<div class=\"e-link-in-bio__identity\">\n\t\t\t\t\t\t\t\t\t<div class=\"e-link-in-bio__identity-image e-link-in-bio__identity-image-profile has-style-circle\">\n\t\t\t\t\t\t\t<img fetchpriority=\"high\" decoding=\"async\" width=\"200\" height=\"300\" src=\"https:\/\/gratified.dk\/wp-content\/uploads\/2026\/02\/98D46FAE-BCAC-4509-85E0-BE8DDCF04422-200x300.jpeg\" class=\"e-link-in-bio__identity-image-element\" alt=\"\" srcset=\"https:\/\/gratified.dk\/wp-content\/uploads\/2026\/02\/98D46FAE-BCAC-4509-85E0-BE8DDCF04422-200x300.jpeg 200w, https:\/\/gratified.dk\/wp-content\/uploads\/2026\/02\/98D46FAE-BCAC-4509-85E0-BE8DDCF04422-683x1024.jpeg 683w, https:\/\/gratified.dk\/wp-content\/uploads\/2026\/02\/98D46FAE-BCAC-4509-85E0-BE8DDCF04422-768x1152.jpeg 768w, https:\/\/gratified.dk\/wp-content\/uploads\/2026\/02\/98D46FAE-BCAC-4509-85E0-BE8DDCF04422-1024x1536.jpeg 1024w, https:\/\/gratified.dk\/wp-content\/uploads\/2026\/02\/98D46FAE-BCAC-4509-85E0-BE8DDCF04422-1365x2048.jpeg 1365w, https:\/\/gratified.dk\/wp-content\/uploads\/2026\/02\/98D46FAE-BCAC-4509-85E0-BE8DDCF04422-scaled.jpeg 1707w\" sizes=\"(max-width: 200px) 100vw, 200px\" \/>\t\t\t\t\t\t\t\t\t\t\t\t\t<\/div>\n\t\t\t\t\t\t\t<\/div>\n\t\t\t\t\t<div class=\"e-link-in-bio__bio\">\n\t\t\t\t<h2 class=\"e-link-in-bio__heading\">Sarah Rosenb\u00e6k<\/h2>\t\t\t\t<h3 class=\"e-link-in-bio__title\">Gratified<\/h3>\t\t\t\t\t\t\t\t<p class=\"e-link-in-bio__description\">Kreativ formidling i bev\u00e6gelse \u2013 mod natur, l\u00e6ring og f\u00e6llesskab<\/p>\t\t\t<\/div>\n\t\t\t\t\t<div class=\"e-link-in-bio__icons has-size-small\">\n\t\t\t\t\t\t\t<div class=\"e-link-in-bio__icon is-size-small\">\n\t\t\t\t\t<a href=\"https:\/\/www.instagram.com\/gratified.dk\/\" target=\"_blank\" rel=\"noopener \" aria-label=\"Instagram\" class=\"e-link-in-bio__icon-link\">\n\t\t\t\t\t\t<span class=\"e-link-in-bio__icon-svg\">\n\t\t\t\t\t\t\t<svg aria-hidden=\"true\" class=\"e-font-icon-svg e-fab-instagram\" viewBox=\"0 0 448 512\" xmlns=\"http:\/\/www.w3.org\/2000\/svg\"><path d=\"M224.1 141c-63.6 0-114.9 51.3-114.9 114.9s51.3 114.9 114.9 114.9S339 319.5 339 255.9 287.7 141 224.1 141zm0 189.6c-41.1 0-74.7-33.5-74.7-74.7s33.5-74.7 74.7-74.7 74.7 33.5 74.7 74.7-33.6 74.7-74.7 74.7zm146.4-194.3c0 14.9-12 26.8-26.8 26.8-14.9 0-26.8-12-26.8-26.8s12-26.8 26.8-26.8 26.8 12 26.8 26.8zm76.1 27.2c-1.7-35.9-9.9-67.7-36.2-93.9-26.2-26.2-58-34.4-93.9-36.2-37-2.1-147.9-2.1-184.9 0-35.8 1.7-67.6 9.9-93.9 36.1s-34.4 58-36.2 93.9c-2.1 37-2.1 147.9 0 184.9 1.7 35.9 9.9 67.7 36.2 93.9s58 34.4 93.9 36.2c37 2.1 147.9 2.1 184.9 0 35.9-1.7 67.7-9.9 93.9-36.2 26.2-26.2 34.4-58 36.2-93.9 2.1-37 2.1-147.8 0-184.8zM398.8 388c-7.8 19.6-22.9 34.7-42.6 42.6-29.5 11.7-99.5 9-132.1 9s-102.7 2.6-132.1-9c-19.6-7.8-34.7-22.9-42.6-42.6-11.7-29.5-9-99.5-9-132.1s-2.6-102.7 9-132.1c7.8-19.6 22.9-34.7 42.6-42.6 29.5-11.7 99.5-9 132.1-9s102.7-2.6 132.1 9c19.6 7.8 34.7 22.9 42.6 42.6 11.7 29.5 9 99.5 9 132.1s2.7 102.7-9 132.1z\"><\/path><\/svg>\t\t\t\t\t\t<\/span>\n\t\t\t\t\t\t\t\t\t\t\t<\/a>\n\t\t\t\t<\/div>\n\t\t\t\t\t\t\t<div class=\"e-link-in-bio__icon is-size-small\">\n\t\t\t\t\t<a href=\"https:\/\/dk.linkedin.com\/company\/gratifiedcontent\" target=\"_blank\" rel=\"noopener \" aria-label=\"LinkedIn\" class=\"e-link-in-bio__icon-link\">\n\t\t\t\t\t\t<span class=\"e-link-in-bio__icon-svg\">\n\t\t\t\t\t\t\t<svg aria-hidden=\"true\" class=\"e-font-icon-svg e-fab-linkedin-in\" viewBox=\"0 0 448 512\" xmlns=\"http:\/\/www.w3.org\/2000\/svg\"><path d=\"M100.28 448H7.4V148.9h92.88zM53.79 108.1C24.09 108.1 0 83.5 0 53.8a53.79 53.79 0 0 1 107.58 0c0 29.7-24.1 54.3-53.79 54.3zM447.9 448h-92.68V302.4c0-34.7-.7-79.2-48.29-79.2-48.29 0-55.69 37.7-55.69 76.7V448h-92.78V148.9h89.08v40.8h1.3c12.4-23.5 42.69-48.3 87.88-48.3 94 0 111.28 61.9 111.28 142.3V448z\"><\/path><\/svg>\t\t\t\t\t\t<\/span>\n\t\t\t\t\t\t\t\t\t\t\t<\/a>\n\t\t\t\t<\/div>\n\t\t\t\t\t\t\t<div class=\"e-link-in-bio__icon is-size-small\">\n\t\t\t\t\t<a href=\"https:\/\/www.facebook.com\/sarahrosenbaek\/?locale=da_DK\" target=\"_blank\" rel=\"noopener \" aria-label=\"Facebook\" class=\"e-link-in-bio__icon-link\">\n\t\t\t\t\t\t<span class=\"e-link-in-bio__icon-svg\">\n\t\t\t\t\t\t\t<svg aria-hidden=\"true\" class=\"e-font-icon-svg e-fab-facebook\" viewBox=\"0 0 512 512\" xmlns=\"http:\/\/www.w3.org\/2000\/svg\"><path d=\"M504 256C504 119 393 8 256 8S8 119 8 256c0 123.78 90.69 226.38 209.25 245V327.69h-63V256h63v-54.64c0-62.15 37-96.48 93.67-96.48 27.14 0 55.52 4.84 55.52 4.84v61h-31.28c-30.8 0-40.41 19.12-40.41 38.73V256h68.78l-11 71.69h-57.78V501C413.31 482.38 504 379.78 504 256z\"><\/path><\/svg>\t\t\t\t\t\t<\/span>\n\t\t\t\t\t\t\t\t\t\t\t<\/a>\n\t\t\t\t<\/div>\n\t\t\t\t\t\t\t<div class=\"e-link-in-bio__icon is-size-small\">\n\t\t\t\t\t<a aria-label=\"Telephone\" class=\"e-link-in-bio__icon-link\" href=\"tel:004560152205\">\n\t\t\t\t\t\t<span class=\"e-link-in-bio__icon-svg\">\n\t\t\t\t\t\t\t<svg aria-hidden=\"true\" class=\"e-font-icon-svg e-fas-phone-alt\" viewBox=\"0 0 512 512\" xmlns=\"http:\/\/www.w3.org\/2000\/svg\"><path d=\"M497.39 361.8l-112-48a24 24 0 0 0-28 6.9l-49.6 60.6A370.66 370.66 0 0 1 130.6 204.11l60.6-49.6a23.94 23.94 0 0 0 6.9-28l-48-112A24.16 24.16 0 0 0 122.6.61l-104 24A24 24 0 0 0 0 48c0 256.5 207.9 464 464 464a24 24 0 0 0 23.4-18.6l24-104a24.29 24.29 0 0 0-14.01-27.6z\"><\/path><\/svg>\t\t\t\t\t\t<\/span>\n\t\t\t\t\t\t\t\t\t\t\t<\/a>\n\t\t\t\t<\/div>\n\t\t\t\t\t\t\t<div class=\"e-link-in-bio__icon is-size-small\">\n\t\t\t\t\t<a aria-label=\"Email\" class=\"e-link-in-bio__icon-link\" href=\"mailto:info@gratified.dk\">\n\t\t\t\t\t\t<span class=\"e-link-in-bio__icon-svg\">\n\t\t\t\t\t\t\t<svg aria-hidden=\"true\" class=\"e-font-icon-svg e-fas-envelope\" viewBox=\"0 0 512 512\" xmlns=\"http:\/\/www.w3.org\/2000\/svg\"><path d=\"M502.3 190.8c3.9-3.1 9.7-.2 9.7 4.7V400c0 26.5-21.5 48-48 48H48c-26.5 0-48-21.5-48-48V195.6c0-5 5.7-7.8 9.7-4.7 22.4 17.4 52.1 39.5 154.1 113.6 21.1 15.4 56.7 47.8 92.2 47.6 35.7.3 72-32.8 92.3-47.6 102-74.1 131.6-96.3 154-113.7zM256 320c23.2.4 56.6-29.2 73.4-41.4 132.7-96.3 142.8-104.7 173.4-128.7 5.8-4.5 9.2-11.5 9.2-18.9v-19c0-26.5-21.5-48-48-48H48C21.5 64 0 85.5 0 112v19c0 7.4 3.4 14.3 9.2 18.9 30.6 23.9 40.7 32.4 173.4 128.7 16.8 12.2 50.2 41.8 73.4 41.4z\"><\/path><\/svg>\t\t\t\t\t\t<\/span>\n\t\t\t\t\t\t\t\t\t\t\t<\/a>\n\t\t\t\t<\/div>\n\t\t\t\t\t<\/div>\n\t\t\n\t\t<div class=\"e-link-in-bio__ctas has-type-button\">\n\t\t\t\t\t\t\t<a href=\"https:\/\/tidtiltur.dk\/tur\/6021?drawer=true\" target=\"_blank\" rel=\"noopener \" class=\"e-link-in-bio__cta is-type-button has-corners-rounded\">\n\t\t\t\t\t\t\t\t\t\t<span class=\"e-link-in-bio__cta-text\">\n\t\t\t\t\t\tWorkshops\t\t\t\t\t<\/span>\n\t\t\t\t<\/a>\n\t\t\t\t\t<\/div>\n\t\t\n\t\t\t<\/div>\n\t\t\t<div class=\"e-link-in-bio__bg\">\n\t\t\t\t<div class=\"e-link-in-bio__bg-overlay\"><\/div>\n\t\t\t<\/div>\n\t\t<\/div>\n\t\t\t\t\t\t<\/div>\n\t\t\t\t<\/div>\n\t\t\t\t\t<\/div>\n\t\t\t\t<\/div>\n\t\t<div class=\"elementor-element elementor-element-c40d3af e-flex e-con-boxed e-con e-parent\" data-id=\"c40d3af\" data-element_type=\"container\" data-e-type=\"container\">\n\t\t\t\t\t<div class=\"e-con-inner\">\n\t\t\t\t<div class=\"elementor-element elementor-element-ef6d93c elementor-widget-divider--separator-type-pattern elementor-widget-divider--view-line elementor-widget elementor-widget-divider\" data-id=\"ef6d93c\" data-element_type=\"widget\" data-e-type=\"widget\" data-widget_type=\"divider.default\">\n\t\t\t\t\t\t\t<div class=\"elementor-divider\" style=\"--divider-pattern-url: url(&quot;data:image\/svg+xml,%3Csvg xmlns=&#039;http:\/\/www.w3.org\/2000\/svg&#039; preserveAspectRatio=&#039;none&#039; overflow=&#039;visible&#039; height=&#039;100%&#039; viewBox=&#039;0 0 24 24&#039; fill=&#039;none&#039; stroke=&#039;black&#039; stroke-width=&#039;2.4&#039; stroke-linecap=&#039;square&#039; stroke-miterlimit=&#039;10&#039;%3E%3Cpath d=&#039;M0,21c3.3,0,8.3-0.9,15.7-7.1c6.6-5.4,4.4-9.3,2.4-10.3c-3.4-1.8-7.7,1.3-7.3,8.8C11.2,20,17.1,21,24,21&#039;\/%3E%3C\/svg%3E&quot;);\">\n\t\t\t<span class=\"elementor-divider-separator\">\n\t\t\t\t\t\t<\/span>\n\t\t<\/div>\n\t\t\t\t\t\t<\/div>\n\t\t\t\t\t<\/div>\n\t\t\t\t<\/div>\n\t\t<div class=\"elementor-element elementor-element-018a36b e-flex e-con-boxed e-con e-parent\" data-id=\"018a36b\" data-element_type=\"container\" data-e-type=\"container\">\n\t\t\t\t\t<div class=\"e-con-inner\">\n\t\t<div class=\"elementor-element elementor-element-6d5dba6 e-con-full e-flex e-con e-child\" data-id=\"6d5dba6\" data-element_type=\"container\" data-e-type=\"container\">\n\t\t\t\t<div class=\"elementor-element elementor-element-5507d34 elementor-widget elementor-widget-image\" data-id=\"5507d34\" data-element_type=\"widget\" data-e-type=\"widget\" data-widget_type=\"image.default\">\n\t\t\t\t\t\t\t\t\t\t\t\t\t\t\t<img decoding=\"async\" width=\"741\" height=\"780\" src=\"https:\/\/gratified.dk\/wp-content\/uploads\/2026\/02\/1.png\" class=\"attachment-large size-large wp-image-101\" alt=\"\" srcset=\"https:\/\/gratified.dk\/wp-content\/uploads\/2026\/02\/1.png 741w, https:\/\/gratified.dk\/wp-content\/uploads\/2026\/02\/1-285x300.png 285w\" sizes=\"(max-width: 741px) 100vw, 741px\" \/>\t\t\t\t\t\t\t\t\t\t\t\t\t\t\t<\/div>\n\t\t\t\t<\/div>\n\t\t<div class=\"elementor-element elementor-element-d5558e3 e-con-full e-flex e-con e-child\" data-id=\"d5558e3\" data-element_type=\"container\" data-e-type=\"container\">\n\t\t<div class=\"elementor-element elementor-element-7d8ade6 e-con-full e-flex e-con e-child\" data-id=\"7d8ade6\" data-element_type=\"container\" data-e-type=\"container\">\n\t\t\t\t<div class=\"elementor-element elementor-element-956b2b1 elementor-widget elementor-widget-heading\" data-id=\"956b2b1\" data-element_type=\"widget\" data-e-type=\"widget\" data-widget_type=\"heading.default\">\n\t\t\t\t\t<h2 class=\"elementor-heading-title elementor-size-default\">Gratified er i bev\u00e6gelse\n\n<\/h2>\t\t\t\t<\/div>\n\t\t\t\t<\/div>\n\t\t<div class=\"elementor-element elementor-element-853eed4 e-con-full e-flex e-con e-child\" data-id=\"853eed4\" data-element_type=\"container\" data-e-type=\"container\">\n\t\t\t\t<div class=\"elementor-element elementor-element-02e1c8a elementor-widget elementor-widget-text-editor\" data-id=\"02e1c8a\" data-element_type=\"widget\" data-e-type=\"widget\" data-widget_type=\"text-editor.default\">\n\t\t\t\t\t\t\t\t\t<p data-start=\"259\" data-end=\"491\">Lige nu er Gratified i en bevidst overgangsperiode, og jeg tager derfor ikke nye kundeopgaver ind.<br data-start=\"357\" data-end=\"360\" \/>Jeg bruger tiden p\u00e5 fordybelse, refleksion og udvikling af nye formater, hvor kreativitet, formidling og f\u00e6llesskab f\u00e5r mere plads.<\/p><p data-start=\"493\" data-end=\"753\">Det, der langsomt er ved at tage form, bev\u00e6ger sig i retning af workshops og oplevelser i og med naturen \u2013 med fokus p\u00e5 l\u00e6ring, leg, kreativitet og n\u00e6rv\u00e6r for b\u00f8rn og kvinder. Sm\u00e5 rum, hvor sanserne aktiveres, og hvor viden og fantasi m\u00f8des p\u00e5 en jordn\u00e6r m\u00e5de.<\/p><p data-start=\"755\" data-end=\"931\">Intet er fastlagt endnu, og netop d\u00e9t er meningen.<br data-start=\"805\" data-end=\"808\" \/>Gratified eksisterer fortsat \u2013 blot med et midlertidigt fokus p\u00e5 igangv\u00e6rende samarbejder og det, der er ved at vokse frem.<\/p><p data-start=\"933\" data-end=\"1053\">Hvis du er nysgerrig p\u00e5 processen og det, der spirer, er du meget velkommen til at f\u00f8lge med her eller via mine kanaler.<\/p><p data-start=\"933\" data-end=\"1053\">Mange hilsner fra Sarah<\/p><p data-start=\"933\" data-end=\"1053\">\u00a0<\/p>\t\t\t\t\t\t\t\t<\/div>\n\t\t\t\t<\/div>\n\t\t\t\t<\/div>\n\t\t\t\t\t<\/div>\n\t\t\t\t<\/div>\n\t\t\t\t<\/div>\n\t\t","protected":false},"excerpt":{"rendered":"<p>Sarah Rosenb\u00e6k Gratified Kreativ formidling i bev\u00e6gelse \u2013 mod natur, l\u00e6ring og f\u00e6llesskab Workshops Gratified er i bev\u00e6gelse Lige nu er Gratified i en bevidst overgangsperiode, og jeg tager derfor ikke nye kundeopgaver ind.Jeg bruger tiden p\u00e5 fordybelse, refleksion og udvikling af nye formater, hvor kreativitet, formidling og f\u00e6llesskab f\u00e5r mere plads. Det, der langsomt [&hellip;]<\/p>\n","protected":false},"author":1,"featured_media":61,"parent":0,"menu_order":0,"comment_status":"closed","ping_status":"closed","template":"elementor_header_footer","meta":{"footnotes":""},"class_list":["post-41","page","type-page","status-publish","has-post-thumbnail","hentry"],"yoast_head":"<!-- This site is optimized with the Yoast SEO plugin v27.0 - https:\/\/yoast.com\/product\/yoast-seo-wordpress\/ -->\n<title>Coming soon -<\/title>\n<meta name=\"robots\" content=\"index, follow, max-snippet:-1, max-image-preview:large, max-video-preview:-1\" \/>\n<link rel=\"canonical\" href=\"https:\/\/gratified.dk\/\" \/>\n<meta property=\"og:locale\" content=\"en_US\" \/>\n<meta property=\"og:type\" content=\"article\" \/>\n<meta property=\"og:title\" content=\"Coming soon -\" \/>\n<meta property=\"og:description\" content=\"Sarah Rosenb\u00e6k Gratified Kreativ formidling i bev\u00e6gelse \u2013 mod natur, l\u00e6ring og f\u00e6llesskab Workshops Gratified er i bev\u00e6gelse Lige nu er Gratified i en bevidst overgangsperiode, og jeg tager derfor ikke nye kundeopgaver ind.Jeg bruger tiden p\u00e5 fordybelse, refleksion og udvikling af nye formater, hvor kreativitet, formidling og f\u00e6llesskab f\u00e5r mere plads. Det, der langsomt [&hellip;]\" \/>\n<meta property=\"og:url\" content=\"https:\/\/gratified.dk\/\" \/>\n<meta property=\"article:modified_time\" content=\"2026-02-28T23:21:45+00:00\" \/>\n<meta property=\"og:image\" content=\"https:\/\/gratified.dk\/wp-content\/uploads\/2026\/02\/Homepage.jpg\" \/>\n\t<meta property=\"og:image:width\" content=\"400\" \/>\n\t<meta property=\"og:image:height\" content=\"380\" \/>\n\t<meta property=\"og:image:type\" content=\"image\/jpeg\" \/>\n<meta name=\"twitter:card\" content=\"summary_large_image\" \/>\n<meta name=\"twitter:label1\" content=\"Est. reading time\" \/>\n\t<meta name=\"twitter:data1\" content=\"1 minute\" \/>\n<script type=\"application\/ld+json\" class=\"yoast-schema-graph\">{\"@context\":\"https:\/\/schema.org\",\"@graph\":[{\"@type\":\"WebPage\",\"@id\":\"https:\/\/gratified.dk\/\",\"url\":\"https:\/\/gratified.dk\/\",\"name\":\"Coming soon -\",\"isPartOf\":{\"@id\":\"https:\/\/gratified.dk\/#website\"},\"primaryImageOfPage\":{\"@id\":\"https:\/\/gratified.dk\/#primaryimage\"},\"image\":{\"@id\":\"https:\/\/gratified.dk\/#primaryimage\"},\"thumbnailUrl\":\"https:\/\/gratified.dk\/wp-content\/uploads\/2026\/02\/Homepage.jpg\",\"datePublished\":\"2026-02-28T20:43:08+00:00\",\"dateModified\":\"2026-02-28T23:21:45+00:00\",\"breadcrumb\":{\"@id\":\"https:\/\/gratified.dk\/#breadcrumb\"},\"inLanguage\":\"en-US\",\"potentialAction\":[{\"@type\":\"ReadAction\",\"target\":[\"https:\/\/gratified.dk\/\"]}]},{\"@type\":\"ImageObject\",\"inLanguage\":\"en-US\",\"@id\":\"https:\/\/gratified.dk\/#primaryimage\",\"url\":\"https:\/\/gratified.dk\/wp-content\/uploads\/2026\/02\/Homepage.jpg\",\"contentUrl\":\"https:\/\/gratified.dk\/wp-content\/uploads\/2026\/02\/Homepage.jpg\",\"width\":400,\"height\":380},{\"@type\":\"BreadcrumbList\",\"@id\":\"https:\/\/gratified.dk\/#breadcrumb\",\"itemListElement\":[{\"@type\":\"ListItem\",\"position\":1,\"name\":\"Home\",\"item\":\"https:\/\/gratified.dk\/\"},{\"@type\":\"ListItem\",\"position\":2,\"name\":\"Coming soon\"}]},{\"@type\":\"WebSite\",\"@id\":\"https:\/\/gratified.dk\/#website\",\"url\":\"https:\/\/gratified.dk\/\",\"name\":\"\",\"description\":\"\",\"potentialAction\":[{\"@type\":\"SearchAction\",\"target\":{\"@type\":\"EntryPoint\",\"urlTemplate\":\"https:\/\/gratified.dk\/?s={search_term_string}\"},\"query-input\":{\"@type\":\"PropertyValueSpecification\",\"valueRequired\":true,\"valueName\":\"search_term_string\"}}],\"inLanguage\":\"en-US\"}]}<\/script>\n<!-- \/ Yoast SEO plugin. -->","yoast_head_json":{"title":"Coming soon -","robots":{"index":"index","follow":"follow","max-snippet":"max-snippet:-1","max-image-preview":"max-image-preview:large","max-video-preview":"max-video-preview:-1"},"canonical":"https:\/\/gratified.dk\/","og_locale":"en_US","og_type":"article","og_title":"Coming soon -","og_description":"Sarah Rosenb\u00e6k Gratified Kreativ formidling i bev\u00e6gelse \u2013 mod natur, l\u00e6ring og f\u00e6llesskab Workshops Gratified er i bev\u00e6gelse Lige nu er Gratified i en bevidst overgangsperiode, og jeg tager derfor ikke nye kundeopgaver ind.Jeg bruger tiden p\u00e5 fordybelse, refleksion og udvikling af nye formater, hvor kreativitet, formidling og f\u00e6llesskab f\u00e5r mere plads. Det, der langsomt [&hellip;]","og_url":"https:\/\/gratified.dk\/","article_modified_time":"2026-02-28T23:21:45+00:00","og_image":[{"width":400,"height":380,"url":"https:\/\/gratified.dk\/wp-content\/uploads\/2026\/02\/Homepage.jpg","type":"image\/jpeg"}],"twitter_card":"summary_large_image","twitter_misc":{"Est. reading time":"1 minute"},"schema":{"@context":"https:\/\/schema.org","@graph":[{"@type":"WebPage","@id":"https:\/\/gratified.dk\/","url":"https:\/\/gratified.dk\/","name":"Coming soon -","isPartOf":{"@id":"https:\/\/gratified.dk\/#website"},"primaryImageOfPage":{"@id":"https:\/\/gratified.dk\/#primaryimage"},"image":{"@id":"https:\/\/gratified.dk\/#primaryimage"},"thumbnailUrl":"https:\/\/gratified.dk\/wp-content\/uploads\/2026\/02\/Homepage.jpg","datePublished":"2026-02-28T20:43:08+00:00","dateModified":"2026-02-28T23:21:45+00:00","breadcrumb":{"@id":"https:\/\/gratified.dk\/#breadcrumb"},"inLanguage":"en-US","potentialAction":[{"@type":"ReadAction","target":["https:\/\/gratified.dk\/"]}]},{"@type":"ImageObject","inLanguage":"en-US","@id":"https:\/\/gratified.dk\/#primaryimage","url":"https:\/\/gratified.dk\/wp-content\/uploads\/2026\/02\/Homepage.jpg","contentUrl":"https:\/\/gratified.dk\/wp-content\/uploads\/2026\/02\/Homepage.jpg","width":400,"height":380},{"@type":"BreadcrumbList","@id":"https:\/\/gratified.dk\/#breadcrumb","itemListElement":[{"@type":"ListItem","position":1,"name":"Home","item":"https:\/\/gratified.dk\/"},{"@type":"ListItem","position":2,"name":"Coming soon"}]},{"@type":"WebSite","@id":"https:\/\/gratified.dk\/#website","url":"https:\/\/gratified.dk\/","name":"","description":"","potentialAction":[{"@type":"SearchAction","target":{"@type":"EntryPoint","urlTemplate":"https:\/\/gratified.dk\/?s={search_term_string}"},"query-input":{"@type":"PropertyValueSpecification","valueRequired":true,"valueName":"search_term_string"}}],"inLanguage":"en-US"}]}},"_links":{"self":[{"href":"https:\/\/gratified.dk\/index.php\/wp-json\/wp\/v2\/pages\/41","targetHints":{"allow":["GET"]}}],"collection":[{"href":"https:\/\/gratified.dk\/index.php\/wp-json\/wp\/v2\/pages"}],"about":[{"href":"https:\/\/gratified.dk\/index.php\/wp-json\/wp\/v2\/types\/page"}],"author":[{"embeddable":true,"href":"https:\/\/gratified.dk\/index.php\/wp-json\/wp\/v2\/users\/1"}],"replies":[{"embeddable":true,"href":"https:\/\/gratified.dk\/index.php\/wp-json\/wp\/v2\/comments?post=41"}],"version-history":[{"count":41,"href":"https:\/\/gratified.dk\/index.php\/wp-json\/wp\/v2\/pages\/41\/revisions"}],"predecessor-version":[{"id":140,"href":"https:\/\/gratified.dk\/index.php\/wp-json\/wp\/v2\/pages\/41\/revisions\/140"}],"wp:featuredmedia":[{"embeddable":true,"href":"https:\/\/gratified.dk\/index.php\/wp-json\/wp\/v2\/media\/61"}],"wp:attachment":[{"href":"https:\/\/gratified.dk\/index.php\/wp-json\/wp\/v2\/media?parent=41"}],"curies":[{"name":"wp","href":"https:\/\/api.w.org\/{rel}","templated":true}]}}